*w**2 + 0*w**v + 0*w - 2 + 3*w**2. What is the units digit of i(-5)?
8
Let u = 12 + -6. Suppose c + 40 = u*c. What is the units digit of c?
8
Let q be 4*9*6/8. Suppose 5*n + 5*v - 15 = 5, 0 = -2*n + 5*v - q. What is the units digit of (-1 - 0)/n - -2?
3
Let o(b) = b**2 + 1. Let t be o(0). Let p = -1 + t. Suppose 3*w - 2*j - 40 = p, -3*j - 45 = -2*w - w. What is the tens digit of w?
1
Let y(m) = -2*m + 7. Let n be y(6). Let z(c) = c**2 + 4*c - 5. Let t be z(n). Suppose t = 2*i + a - 35, -4*i + 25 = -4*a - 15. What is the units digit of i?
5
Let c be -2 + (-6 + -2)/(-2). What is the units digit of 19 + (3 - (c + -2))?
2
Let y = 5 + -7. What is the units digit of -2*(8/y)/1?
8
Let r(z) = z**3 + z**2 + 5. Let u be r(0). Suppose -u*p = -p - 12. Suppose 4*s - 2*t - 8 = -s, p*s = 2*t + 4. What is the units digit of s?
2
Suppose -f = -4*b, 2*b = -f - b - 14. Let q(y) = -y + 6. What is the tens digit of q(f)?
1
Let f(b) = 3*b**2 + 4*b - 5. What is the tens digit of f(-5)?
5
Let p(r) be the first derivative of -r**4/4 - 7*r**3/3 + 4*r**2 + 5*r + 2. What is the units digit of p(-8)?
5
Let z be (-148)/(4 + -8)*1. Suppose -5*a = -f - 142, z = 4*a - f - 77. What is the tens digit of a?
2
Let d(p) = p**2 - 4*p - 4. Let s be 1/(-5) + 78/15. What is the units digit of d(s)?
1
Suppose -3*s - 33 = -f, -2*f = s - 0*s + 18. Let m be (-3)/s*3*20. What is the units digit of (m/(-10))/(6/(-8))?
2
Let n be -1 + 2/4*-2. Let b be (-2 + 3)/((-2)/n). What is the units digit of (b - (-8)/(-6))*-3?
1
Let j(h) = 13*h - 11. What is the tens digit of j(8)?
9
Suppose -7 + 15 = -2*d. What is the units digit of 112/3 + d/(-6)?
8
Let v(j) = -j**2 - 3*j - 2. Let y be v(-2). Suppose 4*x - 3*x - 14 = 0. Suppose y = f - x + 3. What is the units digit of f?
1
Let w = 25 + -18. Let y = -11 + w. What is the units digit of (-3)/((3/y)/1)?
4
Let t(a) = 8*a + 4. What is the tens digit of t(4)?
3
Suppose 4*f - 230 = -k, 920 = -2*k + 6*k + 3*f. What is the hundreds digit of k?
2
Let d(v) = 17*v. What is the tens digit of d(2)?
3
Suppose 12 = 4*c, -3*a - 24 = -0*a - 3*c. What is the units digit of 15/6*(-6)/a?
3
Suppose 3*o - 8 = 2*o. What is the units digit of o?
8
Suppose -3*c - 2*d = -10, -c + 0*c - d = -3. What is the units digit of c?
4
Suppose 5*h = 5*f + 275, -h - 22 = -2*f - 80. What is the units digit of h?
2
Let u(o) be the first derivative of 16*o**3/3 - o - 2. What is the tens digit of u(1)?
1
Suppose -5*x + t + 75 = 4, 3*t = 3*x - 33. Let u be ((-18)/27)/(2/x). Let f = 0 - u. What is the units digit of f?
5
Let g(o) = -o**2 - 2*o + 9. Let t be g(-4). What is the units digit of 3 + (t - 3)*1?
1
Let b be (-3)/(-15) - (-68)/10. Suppose -2*u = -137 + b. Suppose 4*j + 13 = u. What is the tens digit of j?
1
Let h = -22 - -59. What is the units digit of h?
7
Suppose -2*r = -p - 2*p + 15, 5*p - 4*r - 27 = 0. Suppose -p*v + 19 = -5. What is the units digit of v?
8
Let o = -4 + 7. What is the units digit of (-7)/(-3) - (-2)/o?
3
Suppose -8 = 7*c - 232. What is the tens digit of c?
3
Let u(n) = n**3 - 7*n**2 + 9*n - 5. Let k(l) = -l**3 - 6*l**2 - 7*l - 4. Let o be k(-5). What is the tens digit of u(o)?
1
Suppose -4 = 4*u + i - 2*i, 0 = 2*u + 4*i + 2. What is the units digit of (-1)/((2/16)/u)?
8
Let x be -1 + (6/(-3) - -17). Suppose -2*p + 0*p - x = 0. Let i = 1 - p. What is the units digit of i?
8
Let d(p) = 7*p**2 - 6*p + 1. What is the units digit of d(6)?
7
Suppose 4 = 5*u - 21. Suppose 3*t + 151 = 5*y + 18, u*y - 4*t = 134. What is the tens digit of y?
2
Let g(p) = 2*p**3 + 6*p**2 - 2*p + 6. Let b be g(-5). Let q = b - -123. What is the tens digit of q?
3
Let u(c) = 7*c**2 - 5*c - 5. Let h(q) = 6*q**2 - 4*q - 4. Let y(g) = 6*h(g) - 5*u(g). Let s be 2/(-7) + (-26)/7. What is the units digit of y(s)?
3
Let b = -3 + 11. Let v = 9 - b. What is the units digit of v?
1
Suppose -c + 4*w + 2 = 0, 4 = -5*c - w + 14. Let m = 3 + c. Suppose 0*d + 45 = m*d. What is the units digit of d?
9
Let f = -48 + 73. What is the units digit of f?
5
Suppose -6*n = -2*n + 68. Let z = n + 28. Suppose -3*q + 8 = 4*p, 3*q - 2*p = -3*p + z. What is the units digit of q?
4
Let x(v) be the third derivative of -7*v**4/24 + v**3/6 - v**2. Let f be x(-2). What is the tens digit of 159/f + (-4)/(-10)?
1
Let s(y) = -y**3 - 6*y**2 - 5*y. Let v = 6 + -11. Let c be s(v). Suppose c*g - 3*b - 19 = -g, 3*g - 1 = -5*b. What is the units digit of g?
7
Let y(r) = -r**2 - 10*r - 7. Suppose 4*n = 2*n - 10. What is the tens digit of y(n)?
1
Let n(l) = l + 9. Let z be n(-5). Suppose 5*t + 0*t + 46 = z*r, 3*r = 2*t + 24. Let c(m) = -m - 2. What is the units digit of c(t)?
4
Suppose 1 = 2*g - 5*x, 5*g + 0*x - 2*x - 13 = 0. Let n = 1 - 1. Suppose n = -g*d + 32 - 2. What is the units digit of d?
0
Suppose -2*h = -0 - 6. Suppose b = -b - 8, -h*f = b - 47. Suppose f = -3*n + 41. What is the units digit of n?
8
Let t(o) be the third derivative of -o**4/8 - o**3/2 + o**2. Let k be t(-2). Suppose 5*q - 26 = -3*d, -2*q = k*d - q - 10. What is the units digit of d?
2
Suppose -5*r + 52 + 43 = 0. What is the units digit of r?
9
Suppose -4*k - 5*c + 115 = 0, -26 = -2*k - 5*c + 39. Let v = -8 + k. What is the tens digit of v?
1
Suppose -5*z - 3 = q, 18 = 2*q + 5*z - z. Let h = q - 37. What is the units digit of 5/h - (-74)/8?
9
Suppose -n = 5*n. Suppose -s = -n*s - 21. What is the units digit of s?
1
Suppose 2*m + a - 21 = -5, -4*m = 5*a - 44. Suppose -k - 2 = -5. Suppose 0 = 4*t + k*j - 65, -m*t + t + 84 = j. What is the tens digit of t?
1
Let y(z) = -5*z**2 + 6*z**2 + 5*z**2 - 4*z - z**3. What is the units digit of y(4)?
6
Suppose -3*r + 7*v = 12*v - 392, 0 = -5*r - 5*v + 670. What is the hundreds digit of r?
1
Suppose -2*k + 24 = -14. Let q = -31 + k. Let i = -7 - q. What is the units digit of i?
5
Suppose -5*c = -c - 124. What is the units digit of c?
1
Suppose -3*o + 54 = -24. Let z = o + -18. What is the units digit of z?
8
Let u = -5 - -3. What is the units digit of 4/(6 + -2) - u?
3
Suppose 4*f = -2*h - 18 + 340, -248 = -3*f + 5*h. What is the tens digit of f?
8
Suppose -18 = -2*a + 18. Let u(k) = k**3 - 14*k**2 + 14*k - 3. Let h be u(13). Let j = a - h. What is the units digit of j?
8
Let w = -5 - -3. Let q(t) = 12*t**2 + t + 1. Let g be q(w). Suppose 4*a - g = -11. What is the units digit of a?
9
Let o(f) be the first derivative of 17*f**3/3 - f**2 + f - 2. Let d be o(1). Suppose -4*v + d = -t, -5*t - v = 3*v - 40. What is the units digit of t?
4
Let t(p) = 2*p**3 - 30*p**2 + 30*p + 29. Let v(o) = -o**3 + 15*o**2 - 15*o - 15. Let l(b) = 4*t(b) + 7*v(b). What is the units digit of l(14)?
5
Let h = -6 + 10. Let l = -17 + 20. Suppose -b = 5*p - 7, -h*b - l*p - p = -28. What is the units digit of b?
7
What is the units digit of (-2691)/(-115)*(0 - -5)?
7
Suppose 0 = 2*d - 0*d + 10. Suppose -3*a - 5*x - 75 = 2*a, -2*a - 4*x - 40 = 0. Let u = d - a. What is the units digit of u?
5
Suppose -3*w = -2*l - 330, 2*l = -4*w - l + 423. What is the hundreds digit of w?
1
Let i be (-10)/5*10/(-4). Let f(r) = -r**3 + 8*r**2 - 7*r - 1. What is the units digit of f(i)?
9
Let h = 17 - 10. What is the units digit of h?
7
Let v(d) = 2*d - 2. Let f = 3 + -1. Let t be v(f). What is the tens digit of (-1)/(81/(-39) + t)?
1
Let s = -56 + 116. Suppose -6*j = -j - s. What is the units digit of j?
2
Let c(g) = -8*g - 4. Let w be c(-5). Let s = -7 - -12. Suppose w = -p + s*p. What is the units digit of p?
9
Suppose 2*t + 1031 = 5*w, 0*w - 5*t + 631 = 3*w. What is the hundreds digit of w?
2
Let r(y) = -y - 3. Let x be r(-5). Let p be x/2 + 1 + 1. Let h(n) = 3*n. What is the units digit of h(p)?
9
Let j be (-11)/(-4) - 2/(-8). Suppose 0 = -5*l + j + 17. Suppose 0 = -4*h + 36 - l. What is the units digit of h?
8
Let r(b) = -b**2 + 12*b - 6. What is the tens digit of r(6)?
3
Suppose 2*o - 2*x = 94, -2*x + 96 = 2*o - 18. What is the tens digit of o?
5
Suppose 4*c - 4*p + 19 - 207 = 0, 3*c - 4*p = 142. Suppose -c = -2*o + 74. What is the units digit of (-2)/3*o/(-8)?
5
Suppose 5*d - 3*w = 78, 0*d + 2*w = 5*d - 82. Let a = -11 + d. What is the units digit of a?
7
Let b be 1/(1 + 4/(-5)). Suppose 163 = 5*h - 4*o, -52 = -2*h - b*o - 0*o. What is the units digit of h?
1
Suppose 13*r - 8*r - 385 = 0. What is the tens digit of r?
7
Let n = 14 + -4. What is the tens digit of 